(g) = 3*g**2 - 13*g - 1. Let o(b) = 5*p(b) - 2*q(b). What is o(-8)?
10
Let f(s) = -17*s + 30. Let l(q) = -4*q. Let z(y) = -f(y) + 6*l(y). What is z(-7)?
19
Let u(a) be the first derivative of -a**3/3 - 5*a**2/2 + 2. Let n = 165 - 169. What is u(n)?
4
Let c(x) = -5*x**2 + 42*x - 7. Let k(i) = -2*i**2 + 16*i - 2. Let r(o) = 3*c(o) - 8*k(o). Give r(6).
19
Let q(k) = -k**3 - 5*k**2 - 3*k - 2. Let v(j) = j**3 - 2*j**2 - 2*j. Let x = -80 + 82. Let z be v(x). Determine q(z).
-6
Let j(d) = -6*d**3 - 2*d**2 - 11*d + 4. Let n(o) = 7*o**3 + 11*o - 4. Let z(v) = -6*j(v) - 5*n(v). Calculate z(-11).
-4
Let t(z) = -2*z + 19. Let m be t(8). Suppose -2*o + m*o - 4*l - 25 = 0, -5*o = 5*l. Let w(f) be the second derivative of f**3/3 - 3*f**2/2 + f. Calculate w(o).
7
Let a be 3/3 + (11 - 7). Let c(o) = -o**2 + 4*o - 1. What is c(a)?
-6
Let y be 6*(1 + 1/(-3)). Suppose q + y = -3*q. Let p(a) = -a**2 - a - 1. Give p(q).
-1
Let h = -10 + -7. Let i = h + 21. Let n(x) = -i*x**2 - 1 - 2*x + 5*x**2 + 7*x**2. Calculate n(-1).
9
Let m(f) = -f**3 + 1. Let x(g) = -12*g**3 - 2*g**2 + 2*g + 4. Let z(n) = n**2 + 5*n - 1. Let y be z(-4). Let k(d) = y*m(d) + x(d). What is k(1)?
-8
Let j = 33 + -31. Let q(v) = 2 + 4*v + v - v**2 - j*v. Give q(3).
2
Let o(v) be the third derivative of v**6/120 - v**5/12 + v**4/24 - v**3/6 + 89*v**2. Determine o(5).
4
Let n(j) = 16*j**3 - j. Let a be (-3 + 1)/1 + (12 - 10). Suppose -3*r - r - 4 = 4*l, a = 4*r - 3*l + 4. What is n(r)?
-15
Let f(g) = -13*g - 135. Let c be f(-10). Let p(j) = 3*j + 23. Give p(c).
8
Let f(q) = -14 + 14 + 19*q - 24*q - q**2 + 19. Calculate f(-8).
-5
Suppose -20 = 4*d, 4*a - 3*a + 2*d + 6 = 0. Suppose -3*o - 34 = -6*o - a*p, 3*o - 2 = 4*p. Let y(h) = h**3 - 6*h**2 - h + 4. Determine y(o).
-2
Let f(p) = 0*p + 4*p - 2*p - 7 + 16. Determine f(-6).
-3
Let d(i) = -6*i + 10. Let k be d(1). Let w(z) = -1 + 15*z**2 + z + k*z - 16*z**2. Calculate w(6).
-7
Let j(f) = -3*f**2 - 5*f**2 + 2*f**2 + 3*f**3 + 4*f**2 + 1. Give j(-2).
-31
Let j = -112 + 115. Let s(h) be the third derivative of 0*h + 1/6*h**j - 1/24*h**4 + 0 - 5*h**2. Give s(-4).
5
Let o(g) = 22*g**2. Suppose 7 = 66*i - 59. Give o(i).
22
Let t(z) = -z**2 + 7*z + 2. Let q be (102/(-9))/((-2)/(-3)). Let y be (-1)/2 - q/2. Determine t(y).
-6
Let g(i) = 1259*i**2 + 0 + i - 1259*i**2 + 1 - 3*i**3 + 0. Determine g(-2).
23
Let y(i) = -i**3 + 7*i**2 - 6*i + 5. Let o be y(5). Let w = o - 22. Let g(h) = 4*h**2 + 5*h + 1 + 1 - 11*h + 5*h - h**w. Give g(2).
8
Let t = -25 - -18. Let v = t - -12. Let f(y) = 4*y**2 - 1750 + 878 + 4*y + 873 - y**3. What is f(v)?
-4
Suppose -10*a = -13*a + 33. Let w = -10 + a. Let z(o) be the third derivative of o**6/15 - o**4/24 + 2*o**2. Determine z(w).
7
Let u(c) = -2*c - 3. Suppose -2*l = -w - 2 - 1, 5*w + 4*l - 27 = 0. Suppose -w = -2*y - 3*q + 1, -5*y + 10 = 4*q. Let p = y + -4. Give u(p).
1
Let x be (-624)/(-108) - (-6)/27*1. Let m(t) = 7 - x*t**2 + 8*t + 0*t**2 + 5*t**2 + 3*t**2. What is m(-5)?
17
Let h(x) = x**3 - x**2 - 16*x + 8. Let a be h(4). Let q(z) = z**3 + 7*z**2 - 7*z + 11. What is q(a)?
3
Let q(g) be the second derivative of 0 + 1/6*g**3 + g**2 + 2*g. Give q(-5).
-3
Suppose 0 = 5*t + 2*r - 12, 0 = t + t - 4*r. Let c(i) = -t*i + 10 - 14 + 7. Determine c(5).
-7
Suppose 22*k = 19*k + 3*y - 9, -10 = -2*y. Let n(w) = -6*w**2 + 2*w - 1. Give n(k).
-21
Let j = 61 + -58. Let y(q) = j*q**2 + 0*q**3 - q - 4*q**2 + 2*q**3 - 3*q**3. Suppose -4*c - 5*h = 20, c + 4*h = -3*c - 16. Calculate y(c).
0
Let z = -24 + 10. Let c = 14 + z. Suppose 0 = -3*v - 4*p - 8, c = 2*p - 4*p - 10. Let s(t) = t**3 - 6*t**2 + 5*t + 4. Give s(v).
-8
Let w(b) be the second derivative of 0 - 9*b + 1/6*b**3 - 3*b**2. Suppose 3*l = 24 - 3. What is w(l)?
1
Let z(i) = -i**3 + 9*i**2 + 9*i + 11. Let a = -74 - -74. Suppose 18*c - 17*c - 10 = a. Give z(c).
1
Let z be (109 - 103)*2/(-4). Let v(s) = s**2 - s + 4. Determine v(z).
16
Let m(t) = t**2 + t + 13. Let x(w) = w**2 + w + 13. Let q(h) = h - 2. Let p(i) = -q(i) - x(i). Let v(f) = -3*m(f) - 4*p(f). Give v(-5).
5
Let f(p) be the second derivative of -p**5/20 + p**4/4 + p**2 - 2*p + 47. Suppose 0 = 3*x - 6*x. Suppose -3*q = -x - 9. Determine f(q).
2
Let s be 17/15 + -1 + 178/15. Suppose 6*q + 54 - s = 0. Let a(f) = -f**3 - 6*f**2 + 9*f + 9. Determine a(q).
-5
Let r(a) be the second derivative of a**3/6 - 3*a**2/2 - a. Let x be -1*(4/(-18) - (-30)/135). Calculate r(x).
-3
Suppose 3*m - t + 1 = 0, -4*m + 19 = 5*t - 5. Let d(b) = 5*b. Give d(m).
5
Let j(t) = -t + 3. Suppose -3*l + 12 = l. Suppose -3*w + 2*x - 5 = -22, -w = -l*x - 1. Let a = w - 4. Calculate j(a).
0
Let t(d) = d**2 - 7*d + 4. Let a(j) = -2*j**2 + 14*j - 7. Let u = -111 - -106. Let y(c) = u*t(c) - 3*a(c). Determine y(6).
-5
Let r(f) = 7*f + 1. Let l be (-1)/4*1*(-3 - 1). Determine r(l).
8
Suppose 3*s - 4*t + 4 = 0, t - 4 = -3*s - 3. Let x(u) = 46 - u**2 - 14 - 14 + 3. What is x(s)?
21
Let a(s) = -s - 413 + 826 - 415. Determine a(-6).
4
Let k(n) be the third derivative of n**4/24 + 7*n**3/6 + 124*n**2 + 1. What is k(-12)?
-5
Let m be (-14 - -21)/56 + (-39)/(-8). Let b(v) = -3*v**2 + 3*v - 3. Let o(n) = 16*n**2 - 14*n + 16. Let l(p) = 11*b(p) + 2*o(p). What is l(m)?
-1
Let o(t) = t**2 - 9*t + 3. Let d(c) = -c**2 + 9*c - 3. Let u(y) = 6*d(y) + 5*o(y). Calculate u(10).
-13
Let q = 1 - -3. Let s(t) = t**3 + 4*t**2 - 6*t - 3. Let o be s(-5). Let c = q + o. Let a(h) = -2*h + 7. Determine a(c).
-5
Suppose 4*u - 2*v - 14 = 0, v - 11 = -3*u + 3*v. Let x(m) be the second derivative of -2*m**u + 0 + m + 1/2*m**2. What is x(1)?
-11
Suppose 167 + 57 = -28*g. Let t(j) = -2*j**2 - 18*j + 2. Give t(g).
18
Let f(c) be the second derivative of c**5/20 + c**4/4 + c**3/2 + 2*c**2 - 27*c - 8. What is f(-2)?
2
Suppose -3*y = -r - 21, 0*r + 4*r = -2*y. Let g(d) = -7*d + 1. Let l(v) = -3*v. Let j(s) = -2*g(s) + 5*l(s). Determine j(y).
-8
Let a = -1292 - -1290. Let p(b) = 0*b + b + 2*b. Calculate p(a).
-6
Let f(o) be the second derivative of o**7/840 - o**6/360 - o**5/60 - 5*o**4/6 - 4*o. Let k(c) be the third derivative of f(c). Calculate k(2).
6
Suppose -53*w + 2*z - 32 = -57*w, -4*w + 5*z - 10 = 0. Let i(p) be the first derivative of 5/2*p**2 - 1 - 1/3*p**3 - 6*p. What is i(w)?
-6
Let l(q) = -2*q + 11*q + 1 + 3 - 6*q + 1. Calculate l(-3).
-4
Let h be 3/6 + (-27)/(-6). Suppose -h*o - 2 = 3. Let a(g) be the second derivative of 2*g**3/3 + g. What is a(o)?
-4
Suppose 137*p - 141*p + 24 = 0. Let h(s) be the third derivative of s**4/24 - 3*s**3/2 + 3*s**2. Give h(p).
-3
Suppose -96 = 122*z - 114*z. Let g(v) = -v**3 - 13*v**2 - 15*v - 34. Calculate g(z).
2
Let f(m) = 25*m**2 + 2*m**2 + 2 - 26*m**2 - 2*m. Give f(2).
2
Let f = -26 + 18. Let n = -2 - f. Let c(l) be the second derivative of -l**5/20 + 7*l**4/12 - 4*l**3/3 + 9*l**2/2 + 3*l. Determine c(n).
-3
Let g(p) = 3*p**2 - 2*p - 3 - 4*p**2 + 2*p**2. Let o(v) = 2*v**3 - 7*v**2 + 5*v - 2. Let u be o(3). Give g(u).
5
Let w(g) = -g - 2. Let f = 7 - 6. Let z(l) = 2*l. Let s be z(f). What is w(s)?
-4
Let b(n) = 11 - 7*n + 4*n - 2*n + 5*n - 3*n. Give b(16).
-37
Let a(d) = d**2 + 3*d + 5. Suppose 0 = 12*f - 1064 - 544. Let n = -138 + f. Determine a(n).
9
Let f = -1134 - -1138. Let m(a) be the first derivative of 8/3*a**3 - 1/4*a**f + 10 - 7/2*a**2 + a. What is m(7)?
1
Suppose 5*u - 6 = 3*u. Suppose 0 = u*i - 7*i + 8. Let b(p) = -24*p + 19*p - 2*p**2 + 4*p**i + p**3. Calculate b(-4).
-12
Let c be 2 + (1 + 5)*1. Let a(j) = -3*j + j - 8 + 6*j - 3*j. Determine a(c).
0
Let f be 112/(-18) - (-6)/27. Suppose 3*a - 19 + 7 = 0. Let c(q) = -a + 5 - 6*q**2 - 5 - 1 - q - q**3. Determine c(f).
1
Let z(y) = 6*y**2 + 30*y + 46. Let p(s) = -s**2 - 6*s - 9. Let q(u) = -11*p(u) - 2*z(u). Determine q(7).
0
Suppose 4*w - 84 = -0*w. Let o = -17 + w. Let v be 5 - ((-5 - 1) + o). Let a(r) = -r**3 + 8*r**2 - 8*r - 6. Calculate a(v).
-13
Suppose 2*v - v - 15 = 0. Let n(j) = 1 - 2 + v*j - 3*j. Suppose 11*o = -74 + 85. Determine n(o).
11
Let b(d) = -5*d**3 - 18*d**2 - 20. Let u(m) = 3*m**3 + 12*m**2 - m + 13. Let t(z) = 5*b(z) + 8*u(z). Determine t(5).
-11
Let h(n) = -n**2 + 3*n + 6. Let m be h(5). Suppose -16 = -5*f + 39. Let g(q) = -4*q**2 + 9 - f + 4 - q**3. Determine g(m).
2
Let g(b) = -4 - 2942*b + b**2 + 2953*b + b**2. Determine g(-6).
2
Let r(b) = -b**3 + b**2 + 5*b - 1. 